 of v(1)?
17, 19
Let w(s) = -s**2 + 7*s + 11430. Let q be w(0). Suppose q = -3*p + 13*p. List the prime factors of p.
3, 127
Let w(g) = g**3 + 40*g**2 - 36*g - 49. Let s be w(-38). Let o = s - 2937. List the prime factors of o.
2, 5, 127
Suppose 69*m - 36707 = 343069. List the prime factors of m.
2, 43
Let i(v) = 90*v**3 + 3*v**2 + 3*v. Let c be i(-1). Let b be c/(-14) - (-27)/(-63). Suppose -b*y - 8 = -10*y. What are the prime factors of y?
2
Let d(u) = 751*u**2 - 18*u - 48. What are the prime factors of d(-2)?
2, 11, 17
List the prime factors of (-9754)/(-5) - 44*(-19)/(-1045).
2, 3, 5, 13
Suppose 2*w = 3*y - 213, -2*y + 27 = 2*w - 115. Suppose -5*x + 25 = 0, -y = -2*t + x + 4*x. What are the prime factors of t?
2, 3
Let s be 444/16 - (-18)/(-24). Suppose s*i - 3472 = 13*i. What are the prime factors of i?
2, 31
Suppose 0 = -3*a + 5*a - 98. Suppose 0 = -4*y - 5*d - 155, 3*y - d + 153 = 13. Let f = y + a. List the prime factors of f.
2
Let z = 27 + 1. List the prime factors of 7 - 1 - (-512 + z).
2, 5, 7
Let t(u) = 1748*u - 56. What are the prime factors of t(9)?
2, 3919
Let b = -28355 - -46710. What are the prime factors of b?
5, 3671
Suppose 4*s + 5*w = 3*s + 223, 3*w = -5*s + 1049. Suppose 5*x + 2*z = -256, 0 = x + 2*x - 3*z + 162. Let g = s + x. What are the prime factors of g?
2, 3, 13
Let n(v) = 16*v**3 + 3*v**2 + 5*v + 19. Let b(l) = 15*l**3 + 4*l**2 + 5*l + 20. Let m(d) = 5*b(d) - 6*n(d). List the prime factors of m(-2).
2, 43
Let p be 34/11 - 109/1199. Let q = 67 + -97. What are the prime factors of (-5679)/(-45) - -2*p/q?
2, 3, 7
Suppose -5*c - 26 = -3*r - 3*c, 4*r - c - 38 = 0. Suppose -h + 93 = -r. List the prime factors of h.
103
Let m(d) be the first derivative of 20*d**3 - 2*d**2 - 11*d + 68. What are the prime factors of m(4)?
3, 311
Let s be 0/(2*(3 - 5)). Let t(i) = -3*i - 3*i + 52 - 3*i + 3*i. List the prime factors of t(s).
2, 13
List the prime factors of 1590/(-424)*(-3 + (-5)/(-3)) + 58940.
5, 11789
Suppose 3*p - 141 = 3870. Suppose -1315 = -12*w - 1123. Suppose -9*d = -w*d + p. What are the prime factors of d?
191
Let d(a) be the second derivative of 7*a**4/12 + a**3/6 + 3*a**2/2 + 11*a + 1. Let n = 11 + -8. List the prime factors of d(n).
3, 23
Let l(o) = -27*o**2 - 26*o**3 + 5 + 7*o**3 - 17*o + 21*o**3. List the prime factors of l(15).
5, 17
Suppose 13*r - 5581 - 12021 = 0. Suppose r = -27*m + 11830. What are the prime factors of m?
2, 97
Suppose -5*w - 27*t + 28*t = -26481, 0 = w + 2*t - 5283. What are the prime factors of w?
3, 5, 353
Let l = 263 + -148. Let f be (-9131)/l - (-4)/10*1. Let a = f - -149. List the prime factors of a.
2, 5, 7
Let w(k) = k**3 + 6*k**2 - 7*k + 13. Let r be w(-7). Suppose -u + r = 10. Suppose -418 = -u*j - 91. What are the prime factors of j?
109
Suppose 27 = 5*g - 28. Suppose 3*p = 20 - g. Suppose z - 3*q + 7*q = 111, z - p*q = 83. What are the prime factors of z?
5, 19
Let m = -49 - -70. Suppose -m*v + 3*p = -23*v + 728, -4 = -2*p. List the prime factors of v.
19
Suppose -3*d - 21 = -5*m, -6*d = -5*m - 4*d + 19. Suppose 145 = m*k - 5*f, 4*k + 3*f = -0*k + 145. Let l = k - 33. What are the prime factors of l?
7
Suppose -2*y - y + 3 = -d, 5*d = 5*y - 15. Suppose -3*a + 699 + 42 = y. What are the prime factors of a?
13, 19
Suppose -3*u + 4*d + 114 = 14, -4 = -2*d. Let f = u - 1. What are the prime factors of f?
5, 7
Let t be 0 - 2/(-8) - 4890/(-24). Let p be (2/(-3))/(8/t). Let n(b) = -b**2 - 25*b + 4. What are the prime factors of n(p)?
2, 5, 7
Suppose 286*j - 28 = 282*j. List the prime factors of (-325 - -7)*j/(-6).
7, 53
Let l(b) = -167*b - 2491. List the prime factors of l(-77).
2, 3
Let s(f) = -139*f + 1299. List the prime factors of s(8).
11, 17
Let q(u) = -256*u - 5520. What are the prime factors of q(-100)?
2, 5, 251
Let h be (-29)/4 + (-3)/4. Let l be 48/21 + h/28. Suppose 7*m - l*m - 84 = 3*u, -5*m = -5*u - 90. What are the prime factors of m?
3, 5
Let s be (62850/(-100))/((-1)/2). Let c = s + -677. What are the prime factors of c?
2, 5, 29
Let w = -524 + 756. Suppose 228*i + 252 = w*i. What are the prime factors of i?
3, 7
Suppose -3*t = -6*t + 9. Suppose -t = 2*h - 19. What are the prime factors of ((-1)/(-4))/(h/1952)?
61
Suppose 0 = -j + 3*x + 599, 3*j - 7*j = -5*x - 2431. Suppose 607 + j = -11*w. Let r = 187 + w. List the prime factors of r.
2, 19
Let d = 7992 - -717. List the prime factors of d.
3, 2903
Suppose 4*f - 3*l + 8 = 34, 0 = -f + l + 7. Suppose -f*d + 4*v + 2498 = 0, -3*v + 309 = d - 183. What are the prime factors of d?
2, 3, 83
Suppose -4*b - 3 = -3*j + 25, -2*b - 20 = -3*j. Suppose s - 19 = j*t - t, -4*t - 36 = -4*s. List the prime factors of 3/s + (-225)/(-20).
2, 3
Suppose 2*a + 3*a = -i, 3*a + 7 = -2*i. Let f(c) = c + 4. Let r be f(i). Let l(y) = 16*y**2 + 3*y + 3. What are the prime factors of l(r)?
2
Let h(r) = 2*r**3 + 28*r**2 - 2*r**2 - 14*r - 11*r**2 + 4. What are the prime factors of h(-7)?
151
Let m(c) be the second derivative of 175*c**4/12 - 7*c**3/3 + 39*c**2/2 - 106*c. List the prime factors of m(3).
2, 3, 131
Let u = 97 - -30. Suppose 0 = -4*z + 4*h + 700, -u - 223 = -2*z - 4*h. Suppose 2*g = z - 53. What are the prime factors of g?
61
Suppose 2*l + 1464 = 6*l + 5*o, o = 0. Suppose 5*a - 4*j = 3643, 2*a + 3*j = 1082 + l. What are the prime factors of a?
727
Let y(l) = -3*l + 1814. Let c be y(0). Let j = c - 1176. List the prime factors of j.
2, 11, 29
Let f be (-4)/(-16) - 51/12. Let t be (-360)/(-5)*2/(f + 2). Let k = 77 + t. What are the prime factors of k?
5
Let r = 306 - 218. Let h = r - -335. What are the prime factors of h?
3, 47
List the prime factors of (-222)/555 - -11588*(-92)/(-40).
2, 3, 2221
Suppose 636 = o - 29559. List the prime factors of o.
3, 5, 11, 61
Suppose -562*l + 540*l + 267916 = 0. List the prime factors of l.
2, 6089
What are the prime factors of (3 - (-144)/(-45))*-15 + 69430?
7, 13, 109
Let r(m) = 382*m**3 + 6*m - 2*m**2 + 1 - 5*m + 147*m**3. What are the prime factors of r(1)?
23
List the prime factors of -15*992184/(-1080)*(4 + -1).
41341
Let g = 1181 - 677. List the prime factors of g.
2, 3, 7
Let k = 9316 + 1652. What are the prime factors of (-15)/((-540)/k) + (-4)/6?
2, 19
Suppose -53*t = -58*t + 5*k + 60465, -k = -5*t + 60461. List the prime factors of t.
2, 3023
Suppose 3*h - 5 - 1 = 0. What are the prime factors of (-2)/h + 5 + 343?
347
Let v be 10/4*(-24)/(-15). Suppose v*c + 3*p - 78 = 1238, -2*c = -4*p - 658. Suppose -5*a + 4*q + 419 = 0, 4*a + q - c = -2*q. What are the prime factors of a?
83
Let n(m) = 1 + 3*m**3 - 6*m**2 - 8*m**2 + m**3 - 5*m**3 - 6*m. Suppose -28*d = -30*d - 3*q - 37, -5*q + 41 = -4*d. List the prime factors of n(d).
5, 17
Let q(u) = -4*u**2 - 5*u + 5. Let s be q(1). Let z be ((-3)/(-4))/(6/s)*-12. Suppose -5*y + 3*c + 188 = 0, -4 = -2*c + z*c. List the prime factors of y.
37
Let w = -63 + 85. Suppose -29*c + 28*c - 78 = 0. Let g = w - c. What are the prime factors of g?
2, 5
Let d(m) = -m + 15. Let h = 46 - 42. Let a be d(h). Suppose a*c + 515 = 3364. What are the prime factors of c?
7, 37
Let l = -101 - -104. Suppose -l*a + 68 = -25. List the prime factors of a.
31
Suppose 5*y = 7*p - 10*p + 6182, -2*y = -p - 2475. Suppose y = 3*d + 3*b - 1664, -3*d - b + 2903 = 0. List the prime factors of d.
2, 11
Let k be 1067/4 - 4/(-16). Suppose -2841 = 2*s - 2563. Let x = k + s. What are the prime factors of x?
2
Let h = -155839 - -244818. List the prime factors of h.
11, 8089
Let y(c) = -c**3 - 42*c**2 - 173*c + 61. List the prime factors of y(-43).
9349
Suppose 13 = 2*l + u, 3*l + 2*l - 3*u = 60. Suppose 0 = 4*g - l*g + 1135. Let s = -142 + g. What are the prime factors of s?
5, 17
Suppose -88*v + 1064052 + 1244448 = -50*v. List the prime factors of v.
2, 3, 5
What are the prime factors of 2/(-14) - (2786830/43)/((-7)/2)?
18517
What are the prime factors of (475/76 - 3/12) + 6978/3?
2, 11, 53
Let z = 353 - 1. Suppose -3*u + 3*c + 118 = -425, -2*u = -4*c - z. List the prime factors of u.
2, 3, 31
Let c(f) = -f**2 - 21*f + 357. Let i be c(-32). Let j(k) = -34*k - 46. Let v(r) = 17*r + 23. Let d(p) = 4*j(p) + 9*v(p). What are the prime factors of d(i)?
2, 3
Suppose -y + 17 = t, 0 = t - 3*t - y + 30. Suppose 9*a - t*a = -40. Let k(w) = 2*w**2 - 6*w + 41. What are the prime factors of k(a)?
18